*3 + 3*r + 6. What is the remainder when u(-3) is divided by 41?
35
Suppose -163 = -4*v - 135. Calculate the remainder when 382 is divided by v.
4
Let d(n) be the first derivative of -n**4/4 - 8*n**3/3 - 3*n**2/2 + 14*n + 77. What is the remainder when d(-9) is divided by 21?
17
Let z = 27057 - 26850. What is the remainder when z is divided by ((-3)/(-2))/(9/114)?
17
Let d be (-2 + 6/4)/((-8)/64). Suppose 0 = d*g - 631 - 853. What is the remainder when g is divided by 62?
61
Let t(u) be the second derivative of u**5/20 - 2*u**4/3 + 27*u**2/2 + 20*u - 4. Calculate the remainder when t(9) is divided by 58.
50
Let l = -14301 - -14312. Calculate the remainder when -2 - (-3 + 1)*94 is divided by l.
10
Calculate the remainder when 1124 is divided by 2/(-15) - 770880/(-3600).
54
Suppose 5*d = -m + 10, d = -m - 2 + 4. Suppose -2*t + 14*t - 192 = m. What is the remainder when 75 is divided by t?
11
Suppose 0 = -10*s + 4*s + 13224. Calculate the remainder when s is divided by 46.
42
Let t = -133 - -196. Let n = t - 64. What is the remainder when ((-10)/8)/(n/(-8)*-1) is divided by 2?
0
Let z = 334 - 228. Suppose 0 = 65*s - 63*s - z. Calculate the remainder when 899 is divided by s.
51
Let f = 22 + -12. Let n = 546 + -314. Let h = n + -194. What is the remainder when h is divided by f?
8
Suppose -3*m = 3*k - 21, 0 = m + 5*k + 68 - 55. Calculate the remainder when 358 is divided by m.
10
Suppose 6*q + 2*l + 35 = q, 4*l = 20. Let t be 156/q*(-4 + 10/4). Suppose 5*y - 5*i = 7*y - t, 4*i = 0. Calculate the remainder when 36 is divided by y.
10
Let q be (-2)/(4*9/6)*-21. Suppose 23 + 187 = q*p. Calculate the remainder when 88 is divided by p.
28
Let y(p) = -p**3 + 19*p**2 - 7*p + 7. Calculate the remainder when y(17) is divided by 27.
7
Suppose -480*p = -5817 - 6163 - 2900. What is the remainder when p is divided by 9?
4
Suppose -117 = 9*b, 4*b - 442 = 3*f - 542. Let t(k) = 2*k**2 - 2*k - 5. What is the remainder when t(-5) is divided by f?
7
Let d be ((-5)/(5/98))/((-14)/(-28)). Let s = d - -204. Calculate the remainder when 182 is divided by s.
6
Let g(t) = -2*t**2 + 36*t - 146. Calculate the remainder when 3034 is divided by g(9).
10
Let g = 1405 - 1113. Calculate the remainder when g is divided by 164.
128
Calculate the remainder when 18*((-785)/12)/((-50)/40) is divided by 118.
116
Let d(w) = -3*w**2 + 70*w + 20. Calculate the remainder when 827 is divided by d(0).
7
Let u = 34 - -29. Let p be (40/(-5))/((-2)/19). Suppose 3*s - 57 = 2*s + 5*t, p = 3*s + 4*t. Calculate the remainder when u is divided by s.
31
Suppose -266*y + 276 = -10364. What is the remainder when 1357 is divided by y?
37
Let y = -5908 - -6122. What is the remainder when y is divided by 48?
22
Suppose 14*d = 13*d - x + 1177, 3*d + 5*x - 3535 = 0. Suppose -d - 1753 = -24*v. What is the remainder when v is divided by 36?
14
Let s(j) = 8*j**2 - 60*j - 181. Calculate the remainder when 294 is divided by s(-3).
10
Let w(f) = f**2 - 45*f - 11. What is the remainder when w(-11) is divided by 21?
17
Let y = 113 + -76. Suppose -34*c + 31*c = -6. Calculate the remainder when (1 + c)/(33/1210) is divided by y.
36
Let i be -2 + (-1 + 0)*(-2 - 14). Suppose -2*a - 4*g + 26 = 0, -6*a + 3*a + i = g. What is the remainder when 130 is divided by 1/a - (-786)/18?
42
Suppose -n - 90 = -19*m + 18*m, -2*n = 2*m - 176. Calculate the remainder when 3559 is divided by m.
88
Let c = -280 - -298. Suppose -c*b + 117 = -1503. What is the remainder when b is divided by 15?
0
Suppose 63*r - 67*r + 5*c = -283, 2*c + 392 = 5*r. Let k = 16 + 28. What is the remainder when r is divided by k?
38
Suppose 26 + 30 = 14*m. Suppose -m*h = h. Suppose -4*z + 103 = 5*u, h = 3*z + 7*u - 2*u - 76. Calculate the remainder when 104 is divided by z.
23
Let l = -1419 - -2315. Let n = l + -872. Calculate the remainder when n is divided by 14.
10
Suppose -3*x - 922 = -5*u + 42, -2*u + 2*x + 388 = 0. Let f(n) = -24*n**2 + 2067*n - 210. Calculate the remainder when u is divided by f(86).
47
Suppose 5*k + 2224 - 5761 = -3*x, 3*x - 3519 = -2*k. Calculate the remainder when x is divided by 9.
8
Suppose 17*l = 19*l - 6. Suppose -255 = -4*z + l*w, w = 2*w + 5. Suppose -u + g + 299 = 0, 2*u = u - 3*g + 299. What is the remainder when u is divided by z?
59
Suppose 4*s - 2*s = 778. Let b = s + -380. What is the remainder when 168 is divided by b?
6
Suppose 22081 = -219*m + 79*m + 111401. Calculate the remainder when m is divided by 52.
14
Let z(j) = 4*j + 9. Let f(n) = -5*n - 11. Let o(x) = 3*f(x) + 4*z(x). What is the remainder when o(6) is divided by 8?
1
Let o be (-44)/55 - (-979)/5. Let l = 227 - o. Calculate the remainder when 188 is divided by l.
28
Suppose 7*l = -7*l + 210. Calculate the remainder when 107 is divided by 41 - (2 - 5)*(-25)/l.
35
Let s(h) = h**2 - 5*h + 10. Let d be s(3). Suppose 5*t = -4*q + 6*q - 45, d*t = -3*q + 79. Calculate the remainder when 74 is divided by q.
24
Let p(c) = -2*c**3 - 21*c**2 - 30*c - 1. Suppose -3*l - 5 = -4*l. Suppose l*m - 10*m = -360. What is the remainder when m is divided by p(-9)?
20
Suppose 0 = 6*i + 116 - 638. Calculate the remainder when i is divided by 79.
8
Let w(s) = -43 + 14*s - 7*s**2 - 2*s**2 + 10*s**2. Calculate the remainder when 24 - (2 + 3/(-3)) is divided by w(-17).
7
Let i be ((-240)/(-140))/((-3)/(-35)). Suppose 0 = -5*b - i*b + 975. Calculate the remainder when b is divided by 7.
4
Calculate the remainder when 653 is divided by 62 - (1 - -5 - 21).
37
Let t(b) = -449*b - 421. Calculate the remainder when 7418 is divided by t(-1).
26
Let x(l) = -l**2 - 2 - 2*l - l**2 - 26*l**3 + 1. Calculate the remainder when x(-1) is divided by 2*((-5)/10 - 2)*2224/(-695).
9
Suppose f = 3*f - 4. Let u(j) = j + 0*j**2 + 4*j**f + 0*j**2 - 5*j**2 + 17. Calculate the remainder when 6 is divided by u(4).
1
Suppose 490 = 27*i + 166. What is the remainder when 347 is divided by i?
11
Let i(l) = 18*l**2 + 25*l - 30. Calculate the remainder when i(4) is divided by 30.
28
Suppose -2 = -3*d + 4*k, 0*k - k = -4. What is the remainder when (-3)/(d/(-80)) - -4 is divided by ((-8)/(-3))/((-2)/(-15))?
4
Let y(d) = -d**2 + 6*d + 2. Let v be y(10). Let b = v + 41. Let s = b - -15. Calculate the remainder when s is divided by 7.
4
Suppose -3*c - 20 = -5*n, 5*n + 4*c + 8 = 9*n. Calculate the remainder when 516 is divided by n.
5
Suppose -246*p + 251*p + 45 = 0. Calculate the remainder when 122 - (12 + p + (-8)/2) is divided by 18.
15
Suppose -o - 935 = -4*b, 3*o - 291 = -2*b + 194. Let z = -187 + b. Let h(r) = r**3 + 6*r**2 - r - 5. What is the remainder when z is divided by h(-5)?
23
Suppose -9*l + 505 = -242. Let z = -81 + l. Suppose -z*k = 7*k - 405. Calculate the remainder when 177 is divided by k.
42
Let t be (93/62)/(-3 - (-63)/22). Let u = 27 + -16. Let i = u - t. Calculate the remainder when i is divided by 12.
10
Let h(g) = 2*g**3 + 197*g**2 - 92*g + 713. Let u(f) = 98*f. What is the remainder when u(2) is divided by h(-99)?
16
Suppose 42*b + 163 = -104 + 1233. Suppose 5*n = 31 - 6. Suppose -4*x - 18 = -5*x - 4*u, -n*u = -2*x - 3. Calculate the remainder when b is divided by x.
5
Let q(h) = 3*h**2 - 25*h - 8. Let x be q(-5). Let d = 255 - x. What is the remainder when d is divided by 11?
8
Suppose -34 - 136 = -5*v. Let p(z) = -19*z - 299. Let l be p(-26). Suppose -3*w + 2*o = -l, 5*w - 338 = 6*o - 7*o. What is the remainder when w is divided by v?
33
Suppose -h - 4*u - 556 = -5*h, 0 = -h - 2*u + 124. Let s = 141 - h. Suppose -29 = 6*x - s*x. Calculate the remainder when x is divided by 15.
14
Let h be 20/4 - (541 - 6). Let a = 556 + h. What is the remainder when 438 is divided by a?
22
Let m(d) = -d + 13. Let f = -39 - -49. Let u be m(f). Suppose -20 - 160 = -2*c + 4*o, o = -u*c + 305. Calculate the remainder when c is divided by 34.
32
What is the remainder when 41 is divided by ((-91)/49)/(-13) - (-544)/14?
2
Suppose 148 = -170*j + 172*j - 5*z, 4*j + z - 274 = 0. Calculate the remainder when 1377 is divided by j.
66
Suppose 6*y = 4*y - 24. Calculate the remainder when ((-2263)/(-17) - 2) + y/102 is divided by 17.
12
Suppose -10*z = -5*z + 4*x - 56, -3*x = -4*z + 20. Calculate the remainder when 436 is divided by (-114)/(-2) - (z - (5 - -1)).
51
Suppose 273 = 3*s + o - 40, -5*s = -o - 527. What is the